{"id":28713,"date":"2017-02-23T15:53:29","date_gmt":"2017-02-23T14:53:29","guid":{"rendered":"https:\/\/pasiekamarianowo.com.pl\/?page_id=28713"},"modified":"2020-06-01T13:30:50","modified_gmt":"2020-06-01T11:30:50","slug":"miod","status":"publish","type":"page","link":"https:\/\/pasiekamarianowo.com.pl\/index.php\/miod\/","title":{"rendered":"MI\u00d3D"},"content":{"rendered":"<p>[et_pb_section fb_built=&#8221;1&#8243; custom_padding_last_edited=&#8221;on|desktop&#8221; disabled_on=&#8221;on|on|off&#8221; admin_label=&#8221;Section&#8221; module_id=&#8221;next&#8221; _builder_version=&#8221;3.0.74&#8243; background_color=&#8221;#ea7e12&#8243; parallax=&#8221;on&#8221; parallax_method=&#8221;off&#8221; custom_padding=&#8221;54px|0px|54px|0px&#8221; custom_padding_tablet=&#8221;50px|0|50px|0&#8243; transparent_background=&#8221;off&#8221; padding_mobile=&#8221;off&#8221; collapsed=&#8221;off&#8221;][et_pb_row use_custom_gutter=&#8221;on&#8221; gutter_width=&#8221;2&#8243; padding_mobile=&#8221;off&#8221; column_padding_mobile=&#8221;on&#8221; parallax_method_1=&#8221;off&#8221; parallax_method_2=&#8221;off&#8221; parallax_method_3=&#8221;off&#8221; admin_label=&#8221;Row&#8221; _builder_version=&#8221;3.0.48&#8243; background_size=&#8221;initial&#8221; background_position=&#8221;top_left&#8221; background_repeat=&#8221;repeat&#8221;][et_pb_column type=&#8221;1_4&#8243; _builder_version=&#8221;3.0.47&#8243; column_padding_mobile=&#8221;on&#8221; parallax=&#8221;off&#8221; parallax_method=&#8221;off&#8221;][et_pb_image src=&#8221;http:\/\/pasiekamarianowo.com.pl\/wp-content\/uploads\/2017\/01\/DSC_0006_13.jpg&#8221; admin_label=&#8221;Image&#8221; _builder_version=&#8221;3.0.87&#8243; custom_margin=&#8221;|-60px||&#8221; custom_margin_tablet=&#8221;|0px||&#8221; custom_margin_last_edited=&#8221;on|desktop&#8221; animation_style=&#8221;slide&#8221; animation_direction=&#8221;right&#8221; animation_duration=&#8221;500ms&#8221; animation_intensity_slide=&#8221;10%&#8221; use_border_color=&#8221;off&#8221; border_color=&#8221;#ffffff&#8221; border_width=&#8221;1px&#8221; border_style=&#8221;solid&#8221; animation=&#8221;right&#8221; sticky=&#8221;off&#8221;] [\/et_pb_image][\/et_pb_column][et_pb_column type=&#8221;1_4&#8243; _builder_version=&#8221;3.0.47&#8243; column_padding_mobile=&#8221;on&#8221; parallax=&#8221;off&#8221; parallax_method=&#8221;off&#8221;][et_pb_image src=&#8221;https:\/\/pasiekamarianowo.com.pl\/wp-content\/uploads\/2017\/02\/wielokwiat.jpg&#8221; admin_label=&#8221;Image&#8221; _builder_version=&#8221;3.0.87&#8243; custom_margin=&#8221;100px|||-60px&#8221; custom_margin_tablet=&#8221;0px|||0px&#8221; custom_margin_last_edited=&#8221;on|phone&#8221; animation_style=&#8221;slide&#8221; animation_direction=&#8221;left&#8221; animation_duration=&#8221;500ms&#8221; animation_intensity_slide=&#8221;10%&#8221; use_border_color=&#8221;off&#8221; border_color=&#8221;#ffffff&#8221; border_width=&#8221;1px&#8221; border_style=&#8221;solid&#8221; sticky=&#8221;off&#8221;] [\/et_pb_image][\/et_pb_column][et_pb_column type=&#8221;1_2&#8243; _builder_version=&#8221;3.0.47&#8243; column_padding_mobile=&#8221;on&#8221; parallax=&#8221;off&#8221; parallax_method=&#8221;off&#8221;][et_pb_cta admin_label=&#8221;Service one heading&#8221; _builder_version=&#8221;3.0.87&#8243; header_text_color=&#8221;#494949&#8243; header_font_size=&#8221;35&#8243; header_font_size_phone=&#8221;30&#8243; header_font_size_last_edited=&#8221;on|desktop&#8221; header_line_height=&#8221;1.4em&#8221; body_font=&#8221;Open Sans||||&#8221; body_text_color=&#8221;#666666&#8243; body_font_size=&#8221;16&#8243; body_line_height=&#8221;1.5em&#8221; use_background_color=&#8221;off&#8221; background_size=&#8221;initial&#8221; background_position=&#8221;top_left&#8221; background_repeat=&#8221;repeat&#8221; text_orientation=&#8221;left&#8221; background_layout=&#8221;light&#8221; custom_margin=&#8221;||0px|&#8221; custom_padding=&#8221;||0px|&#8221; custom_css_promo_title=&#8221;font-weight:800;&#8221; use_border_color=&#8221;off&#8221; border_color=&#8221;#ffffff&#8221; border_width=&#8221;1px&#8221; border_style=&#8221;solid&#8221;]<\/p>\n<h2><img loading=\"lazy\" decoding=\"async\" class=\"alignnone wp-image-28718\" src=\"https:\/\/pasiekamarianowo.com.pl\/wp-content\/uploads\/2017\/02\/a5b8fd97c735974b18ed601013830bd8.jpg\" alt=\"\" width=\"35\" height=\"40\" \/><span style=\"color: #000000;\">Mi&oacute;d<\/span> <span style=\"color: #f7c100;\">Wielokwiatowy<\/span><\/h2>\n<p>[\/et_pb_cta][et_pb_cta admin_label=&#8221;service 1 &#8221; module_id=&#8221;toptext&#8221; _builder_version=&#8221;3.0.87&#8243; header_font_size=&#8221;38&#8243; header_font_size_tablet=&#8221;34&#8243; header_font_size_phone=&#8221;30&#8243; header_font_size_last_edited=&#8221;on|tablet&#8221; body_font=&#8221;Open Sans||||&#8221; body_text_color=&#8221;#666666&#8243; body_font_size=&#8221;16&#8243; body_line_height=&#8221;1.5em&#8221; use_background_color=&#8221;off&#8221; background_size=&#8221;initial&#8221; background_position=&#8221;top_left&#8221; background_repeat=&#8221;repeat&#8221; custom_button=&#8221;on&#8221; button_text_size=&#8221;17&#8243; button_text_color=&#8221;#fcbf00&#8243; button_bg_color=&#8221;#2b2c2a&#8221; button_border_color=&#8221;#2b2c2a&#8221; button_border_radius=&#8221;0&#8243; button_letter_spacing=&#8221;2&#8243; button_font=&#8221;Oswald|||on|&#8221; button_icon=&#8221;%%24%%&#8221; button_text_color_hover=&#8221;#2b2c2a&#8221; button_bg_color_hover=&#8221;rgba(0,0,0,0)&#8221; button_border_color_hover=&#8221;#2b2c2a&#8221; button_border_radius_hover=&#8221;0&#8243; button_letter_spacing_hover=&#8221;2&#8243; text_orientation=&#8221;left&#8221; background_layout=&#8221;light&#8221; custom_margin=&#8221;0px|||&#8221; custom_padding=&#8221;0px|||&#8221; use_border_color=&#8221;off&#8221; border_color=&#8221;#ffffff&#8221; border_width=&#8221;1px&#8221; border_style=&#8221;solid&#8221;]<\/p>\n<p><span style=\"color: #000000;\">zwany potocznie miodem tysi\u0105ca kwiat\u00f3w, pszczo\u0142y wytwarzaj\u0105 z nektar\u00f3w zebranych z wielu ro\u015blin miododajnych kwitn\u0105cych na polach, w sadach, lasach i na \u0142\u0105kach w tym samym czasie. Mi\u00f3d z kwiat\u00f3w wiosennych ma jasny kolor, przyjemny zapach i \u0142agodny smak. Mi\u00f3d z nektaru kwiat\u00f3w letnich jest znacznie ciemniejszy i ma bardziej zdecydowany smak oraz zapach.<\/span><\/p>\n<p><span style=\"color: #000000;\">Dzi\u0119ki \u0142atwo przyswajalnym cukrom prostym wspomaga mi\u0119sie\u0144 sercowy. Pomocny przy chorobach w\u0105troby i p\u0119cherzyka \u017c\u00f3\u0142ciowego. Osobom uczulonym na py\u0142ki pomaga znosi\u0107 i uodparnia\u0107 si\u0119 na alergie. Ze wzgl\u0119du na \u0142agodny smak, mi\u00f3d wielokwiatowy poleca si\u0119 podawa\u0107 dzieciom przy leczeniu grypy, przezi\u0119bie\u0144, chor\u00f3b dolnych dr\u00f3g oddechowych, a tak\u017ce zapobiegawczo.<\/span><\/p>\n<p><span style=\"color: #f7c100;\"><strong>du\u017cy s\u0142oik 1,3 kg\u00a0<\/strong><\/span><\/p>\n<p><span style=\"color: #f7c100;\"><strong> ma\u0142y s\u0142oik 0,42kg\u00a0<\/strong><\/span><\/p>\n<p><span style=\"color: #f7c100;\"><strong>mini s\u0142oik 40g<\/strong><\/span><\/p>\n<p>[\/et_pb_cta][\/et_pb_column][\/et_pb_row][\/et_pb_section][et_pb_section fb_built=&#8221;1&#8243; custom_padding_last_edited=&#8221;on|desktop&#8221; admin_label=&#8221;Section&#8221; _builder_version=&#8221;3.0.74&#8243; background_color=&#8221;#ffdf82&#8243; custom_padding=&#8221;55px|0px|54px|0px&#8221; custom_padding_tablet=&#8221;50px|0|50px|0&#8243; transparent_background=&#8221;off&#8221; padding_mobile=&#8221;off&#8221; collapsed=&#8221;off&#8221;][et_pb_row use_custom_gutter=&#8221;on&#8221; gutter_width=&#8221;2&#8243; padding_mobile=&#8221;off&#8221; column_padding_mobile=&#8221;on&#8221; parallax_method_1=&#8221;off&#8221; parallax_method_2=&#8221;off&#8221; parallax_method_3=&#8221;off&#8221; admin_label=&#8221;Row&#8221; _builder_version=&#8221;3.0.48&#8243; background_size=&#8221;initial&#8221; background_position=&#8221;top_left&#8221; background_repeat=&#8221;repeat&#8221;][et_pb_column type=&#8221;1_2&#8243; _builder_version=&#8221;3.0.47&#8243; column_padding_mobile=&#8221;on&#8221; parallax=&#8221;off&#8221; parallax_method=&#8221;off&#8221;][et_pb_cta admin_label=&#8221;Service one heading&#8221; _builder_version=&#8221;3.0.87&#8243; header_text_color=&#8221;#494949&#8243; header_font_size=&#8221;35&#8243; header_font_size_phone=&#8221;30&#8243; header_font_size_last_edited=&#8221;on|desktop&#8221; header_line_height=&#8221;1.4em&#8221; body_font=&#8221;Open Sans||||&#8221; body_text_color=&#8221;#666666&#8243; body_font_size=&#8221;16&#8243; body_line_height=&#8221;1.5em&#8221; use_background_color=&#8221;off&#8221; background_size=&#8221;initial&#8221; background_position=&#8221;top_left&#8221; background_repeat=&#8221;repeat&#8221; text_orientation=&#8221;left&#8221; background_layout=&#8221;light&#8221; custom_margin=&#8221;||0px|&#8221; custom_padding=&#8221;||0px|&#8221; custom_css_promo_title=&#8221;font-weight:800;&#8221; use_border_color=&#8221;off&#8221; border_color=&#8221;#ffffff&#8221; border_width=&#8221;1px&#8221; border_style=&#8221;solid&#8221;]<\/p>\n<h2><img loading=\"lazy\" decoding=\"async\" class=\"alignnone wp-image-28718\" src=\"https:\/\/pasiekamarianowo.com.pl\/wp-content\/uploads\/2017\/02\/a5b8fd97c735974b18ed601013830bd8.jpg\" alt=\"\" width=\"35\" height=\"40\" \/><span style=\"color: #000000;\">Mi\u00f3d<\/span> <span style=\"color: #f7c100;\">Lipowy<\/span><\/h2>\n<p>[\/et_pb_cta][et_pb_cta admin_label=&#8221;service 1 &#8221; module_id=&#8221;toptext&#8221; _builder_version=&#8221;3.0.87&#8243; header_font_size=&#8221;38&#8243; header_font_size_tablet=&#8221;34&#8243; header_font_size_phone=&#8221;30&#8243; header_font_size_last_edited=&#8221;on|tablet&#8221; body_font=&#8221;Open Sans||||&#8221; body_text_color=&#8221;#666666&#8243; body_font_size=&#8221;16&#8243; body_line_height=&#8221;1.5em&#8221; use_background_color=&#8221;off&#8221; background_size=&#8221;initial&#8221; background_position=&#8221;top_left&#8221; background_repeat=&#8221;repeat&#8221; custom_button=&#8221;on&#8221; button_text_size=&#8221;17&#8243; button_text_color=&#8221;#fcbf00&#8243; button_bg_color=&#8221;#2b2c2a&#8221; button_border_color=&#8221;#2b2c2a&#8221; button_border_radius=&#8221;0&#8243; button_letter_spacing=&#8221;2&#8243; button_font=&#8221;Oswald|||on|&#8221; button_icon=&#8221;%%24%%&#8221; button_text_color_hover=&#8221;#2b2c2a&#8221; button_bg_color_hover=&#8221;rgba(0,0,0,0)&#8221; button_border_color_hover=&#8221;#2b2c2a&#8221; button_border_radius_hover=&#8221;0&#8243; button_letter_spacing_hover=&#8221;2&#8243; text_orientation=&#8221;left&#8221; background_layout=&#8221;light&#8221; custom_margin=&#8221;0px|||&#8221; custom_padding=&#8221;0px|||&#8221; use_border_color=&#8221;off&#8221; border_color=&#8221;#ffffff&#8221; border_width=&#8221;1px&#8221; border_style=&#8221;solid&#8221;]<\/p>\n<p><span style=\"color: #000000;\">zwany potocznie miodem tysi\u0105ca kwiat\u00f3w, pszczo\u0142y wytwarzaj\u0105 z nektar\u00f3w zebranych z wielu ro\u015blin miododajnych kwitn\u0105cych na polach, w sadach, lasach i na \u0142\u0105kach w tym samym czasie. Mi\u00f3d z kwiat\u00f3w wiosennych ma jasny kolor, przyjemny zapach i \u0142agodny smak. Mi\u00f3d z nektaru kwiat\u00f3w letnich jest znacznie ciemniejszy i ma bardziej zdecydowany smak oraz zapach.<\/span><\/p>\n<p><span style=\"color: #000000;\">Dzi\u0119ki \u0142atwo przyswajalnym cukrom prostym wspomaga mi\u0119sie\u0144 sercowy. Pomocny przy chorobach w\u0105troby i p\u0119cherzyka \u017c\u00f3\u0142ciowego. Osobom uczulonym na py\u0142ki pomaga znosi\u0107 i uodparnia\u0107 si\u0119 na alergie. Ze wzgl\u0119du na \u0142agodny smak, mi\u00f3d wielokwiatowy poleca si\u0119 podawa\u0107 dzieciom przy leczeniu grypy, przezi\u0119bie\u0144, chor\u00f3b dolnych dr\u00f3g oddechowych, a tak\u017ce zapobiegawczo.<\/span><\/p>\n<p><span style=\"color: #f7c100;\"><strong>du\u017cy s\u0142oik 1,3 kg\u00a0<\/strong><\/span><\/p>\n<p><span style=\"color: #f7c100;\"><strong> ma\u0142y s\u0142oik 0,42kg<\/strong><\/span><\/p>\n<p><span style=\"color: #f7c100;\"><strong>mini s\u0142oik 40g<\/strong><\/span><\/p>\n<p>[\/et_pb_cta][\/et_pb_column][et_pb_column type=&#8221;1_4&#8243; _builder_version=&#8221;3.0.47&#8243; column_padding_mobile=&#8221;on&#8221; parallax=&#8221;off&#8221; parallax_method=&#8221;off&#8221;][et_pb_image src=&#8221;https:\/\/pasiekamarianowo.com.pl\/wp-content\/uploads\/2017\/01\/IMG_20150529_110251.jpg&#8221; admin_label=&#8221;Image&#8221; _builder_version=&#8221;3.0.87&#8243; custom_margin=&#8221;100px|-60px||&#8221; custom_margin_tablet=&#8221;0px|0px||&#8221; custom_margin_last_edited=&#8221;on|phone&#8221; animation_style=&#8221;slide&#8221; animation_direction=&#8221;left&#8221; animation_duration=&#8221;500ms&#8221; animation_intensity_slide=&#8221;10%&#8221; use_border_color=&#8221;off&#8221; border_color=&#8221;#ffffff&#8221; border_width=&#8221;1px&#8221; border_style=&#8221;solid&#8221; sticky=&#8221;off&#8221;] [\/et_pb_image][\/et_pb_column][et_pb_column type=&#8221;1_4&#8243; _builder_version=&#8221;3.0.47&#8243; column_padding_mobile=&#8221;on&#8221; parallax=&#8221;off&#8221; parallax_method=&#8221;off&#8221;][et_pb_image src=&#8221;http:\/\/pasiekamarianowo.com.pl\/wp-content\/uploads\/2017\/01\/DSC_0003_20.jpg&#8221; admin_label=&#8221;Image&#8221; _builder_version=&#8221;3.0.87&#8243; custom_margin=&#8221;|||-60px&#8221; custom_margin_tablet=&#8221;|||0px&#8221; custom_margin_last_edited=&#8221;on|phone&#8221; animation_style=&#8221;slide&#8221; animation_direction=&#8221;left&#8221; animation_duration=&#8221;500ms&#8221; animation_intensity_slide=&#8221;10%&#8221; use_border_color=&#8221;off&#8221; border_color=&#8221;#ffffff&#8221; border_width=&#8221;1px&#8221; border_style=&#8221;solid&#8221; sticky=&#8221;off&#8221;] [\/et_pb_image][\/et_pb_column][\/et_pb_row][\/et_pb_section][et_pb_section fb_built=&#8221;1&#8243; custom_padding_last_edited=&#8221;on|desktop&#8221; admin_label=&#8221;Sekcja&#8221; _builder_version=&#8221;3.0.74&#8243; background_color=&#8221;#f7c100&#8243; custom_padding=&#8221;||0px|&#8221; custom_padding_tablet=&#8221;50px|0|50px|0&#8243; transparent_background=&#8221;off&#8221; padding_mobile=&#8221;off&#8221; global_module=&#8221;55&#8243;][et_pb_row custom_padding=&#8221;||0px|&#8221; padding_mobile=&#8221;off&#8221; column_padding_mobile=&#8221;on&#8221; _builder_version=&#8221;3.0.47&#8243; background_size=&#8221;initial&#8221; background_position=&#8221;top_left&#8221; background_repeat=&#8221;repeat&#8221;][et_pb_column type=&#8221;4_4&#8243; _builder_version=&#8221;3.0.47&#8243; column_padding_mobile=&#8221;on&#8221; parallax=&#8221;off&#8221; parallax_method=&#8221;on&#8221;][et_pb_text _builder_version=&#8221;3.0.87&#8243; header_font=&#8221;|on|||&#8221; header_font_size=&#8221;23px&#8221; background_size=&#8221;initial&#8221; background_position=&#8221;top_left&#8221; background_repeat=&#8221;repeat&#8221; text_orientation=&#8221;center&#8221; background_layout=&#8221;dark&#8221; module_alignment=&#8221;center&#8221; use_border_color=&#8221;off&#8221; border_style=&#8221;solid&#8221;]<\/p>\n<h1 style=\"text-align: center;\">Masz do nas jakie\u015b pytania?<\/h1>\n<p>[\/et_pb_text][et_pb_button button_url=&#8221;http:\/\/pasiekamarianowo.com.pl\/index.php\/kontakt\/&#8221; button_text=&#8221;Napisz do nas&#8221; button_alignment=&#8221;center&#8221; _builder_version=&#8221;3.0.47&#8243; custom_button=&#8221;on&#8221; button_text_size=&#8221;17&#8243; button_text_color=&#8221;#ffffff&#8221; button_bg_color=&#8221;rgba(0,0,0,0)&#8221; button_border_color=&#8221;#ffffff&#8221; button_border_radius=&#8221;10px&#8221; button_font=&#8221;|on|||&#8221; button_use_icon=&#8221;default&#8221; background_layout=&#8221;dark&#8221;][\/et_pb_button][et_pb_text _builder_version=&#8221;3.0.87&#8243; text_font=&#8221;|on|||&#8221; text_font_size=&#8221;15&#8243; background_size=&#8221;initial&#8221; background_position=&#8221;top_left&#8221; background_repeat=&#8221;repeat&#8221; text_orientation=&#8221;center&#8221; background_layout=&#8221;dark&#8221; module_alignment=&#8221;center&#8221; use_border_color=&#8221;off&#8221; border_color=&#8221;#ffffff&#8221; border_style=&#8221;solid&#8221;]<\/p>\n<p>OBSERWUJ NAS<\/p>\n<p>[\/et_pb_text][et_pb_social_media_follow url_new_window=&#8221;off&#8221; _builder_version=&#8221;3.0.87&#8243; border_radii=&#8221;on|100%|100%|100%|100%&#8221; background_layout=&#8221;dark&#8221; link_shape=&#8221;circle&#8221;][et_pb_social_media_follow_network social_network=&#8221;facebook&#8221; url=&#8221;https:\/\/www.facebook.com\/MI\u00d3D-Marianowo-1620407571575735\/?ref=settings&#8221; _builder_version=&#8221;3.0.74&#8243; background_color=&#8221;#ffffff&#8221; bg_color=&#8221;#ffffff&#8221; link_shape=&#8221;circle&#8221; follow_button=&#8221;off&#8221; url_new_window=&#8221;off&#8221;] facebook [\/et_pb_social_media_follow_network][\/et_pb_social_media_follow][et_pb_text _builder_version=&#8221;3.0.87&#8243; background_size=&#8221;initial&#8221; background_position=&#8221;top_left&#8221; background_repeat=&#8221;repeat&#8221; use_border_color=&#8221;off&#8221; border_style=&#8221;solid&#8221;]<\/p>\n<p><img loading=\"lazy\" decoding=\"async\" class=\"wp-image-40 aligncenter\" src=\"https:\/\/pasiekamarianowo.com.pl\/wp-content\/uploads\/2017\/01\/mi\u00f3d-white-244x300.png\" alt=\"\" width=\"100\" height=\"123\" \/><\/p>\n<p>[\/et_pb_text][\/et_pb_column][\/et_pb_row][\/et_pb_section]<\/p>\n","protected":false},"excerpt":{"rendered":"<p>Mi&oacute;d Wielokwiatowyzwany potocznie miodem tysi\u0105ca kwiat\u00f3w, pszczo\u0142y wytwarzaj\u0105 z nektar\u00f3w zebranych z wielu ro\u015blin miododajnych kwitn\u0105cych na polach, w sadach, lasach i na \u0142\u0105kach w tym samym czasie. Mi\u00f3d z kwiat\u00f3w wiosennych ma jasny kolor, przyjemny zapach i \u0142agodny smak. Mi\u00f3d z nektaru kwiat\u00f3w letnich jest znacznie ciemniejszy i ma bardziej zdecydowany smak oraz zapach. [&hellip;]<\/p>\n","protected":false},"author":1,"featured_media":0,"parent":0,"menu_order":0,"comment_status":"closed","ping_status":"closed","template":"","meta":{"_et_pb_use_builder":"on","_et_pb_old_content":"","_et_gb_content_width":"","footnotes":""},"class_list":["post-28713","page","type-page","status-publish","hentry"],"_links":{"self":[{"href":"https:\/\/pasiekamarianowo.com.pl\/index.php\/wp-json\/wp\/v2\/pages\/28713","targetHints":{"allow":["GET"]}}],"collection":[{"href":"https:\/\/pasiekamarianowo.com.pl\/index.php\/wp-json\/wp\/v2\/pages"}],"about":[{"href":"https:\/\/pasiekamarianowo.com.pl\/index.php\/wp-json\/wp\/v2\/types\/page"}],"author":[{"embeddable":true,"href":"https:\/\/pasiekamarianowo.com.pl\/index.php\/wp-json\/wp\/v2\/users\/1"}],"replies":[{"embeddable":true,"href":"https:\/\/pasiekamarianowo.com.pl\/index.php\/wp-json\/wp\/v2\/comments?post=28713"}],"version-history":[{"count":0,"href":"https:\/\/pasiekamarianowo.com.pl\/index.php\/wp-json\/wp\/v2\/pages\/28713\/revisions"}],"wp:attachment":[{"href":"https:\/\/pasiekamarianowo.com.pl\/index.php\/wp-json\/wp\/v2\/media?parent=28713"}],"curies":[{"name":"wp","href":"https:\/\/api.w.org\/{rel}","templated":true}]}}